 - 1147. What is the hundreds digit of p?
6
Let f(m) = 107*m - 242. Suppose 0 = 5*h - 15, -8*q - 3*h = -9*q + 7. What is the hundreds digit of f(q)?
4
Suppose -4*y + 26006 - 2772 = -2*i, -4*y + 23235 = -3*i. Suppose -7*b = -3*b - y. What is the tens digit of b?
5
Suppose -v = -5*z - 17, 2*v - 23 = 4*z - 7. Suppose 5*f = v*f + 144. Let s = 50 - f. What is the units digit of s?
2
Let y = -1405 + 3994. What is the tens digit of y?
8
Let d = -8050 - -18384. What is the tens digit of d?
3
Let x(k) = -4*k**2 + 41*k - 23. Let s be x(16). Let y = s + 732. What is the hundreds digit of y?
3
Let y(s) = 6*s**2 + 12*s + 10. Let o be y(-9). Suppose 0 = -3*k + 5*l + 1166, 2*k = k + 2*l + o. Let g = 585 - k. What is the hundreds digit of g?
1
Let a be (-2452)/(-6)*(-14)/(280/(-90)). Let z = -879 + a. What is the tens digit of z?
6
Let a(s) = 3155*s + 2480. What is the tens digit of a(16)?
6
Suppose 0 = -81*a + 62*a + 38. Suppose 13*f + 5*i + 2519 = 16*f, a*i = 5*f - 4173. What is the units digit of f?
3
What is the units digit of (((-862)/32)/((-18)/216))/((-9)/(-192))?
6
Let i = -978 - 932. What is the hundreds digit of (((-48)/(-20))/(-3))/(4/i)?
3
Let i(y) = -y**3 + 5*y**2 - 3*y - 29. Suppose 0 = 20*l + 91 + 69. What is the units digit of i(l)?
7
Suppose 6*p - 2*p + 1980 = 0. Let m = 707 + p. Suppose -2*f - 5*a = -94, 6*a - 2*a - m = -4*f. What is the units digit of f?
7
Suppose 12 - 6 = 3*y. Suppose y*f - 4*i = 452, -4 = -4*f - 5*i + 874. What is the hundreds digit of f?
2
What is the ten thousands digit of 26559 + (-4)/(-10)*120/48?
2
Suppose -u + 3*a + 6801 - 2667 = 0, 0 = -u + 5*a + 4126. What is the units digit of u?
6
Let f be (4/(-12) + 0)*(-2 + -139). Let c = 5 + f. What is the units digit of c?
2
Let z(k) = -k**2 + k + 44. Let v be z(-6). What is the tens digit of 2*-669*(4 - 9/v)?
6
Let q(l) = -45*l**3 - 3*l**2 - 102*l - 25. What is the units digit of q(-9)?
5
Suppose -23*t = -16*t - 350. Suppose u = 5*z - t + 733, 5*u + 3*z = 3443. What is the tens digit of u?
8
Let u(x) = -258*x**2 + 3*x - 1. Let v be u(1). Let g = -107 - v. What is the hundreds digit of g?
1
Let a be (-48)/360 + 8164/30. Let q = 372 + a. What is the tens digit of q?
4
Suppose 4*y = 4*z - 12552, -3*z + 14*y + 9419 = 10*y. What is the tens digit of z?
3
Suppose -12*g + 84654 = -4*g - 101242. What is the tens digit of g?
3
What is the tens digit of (-23514)/(-2) - (-515 - -518)?
5
Suppose -50*z + 5376 = 6*z - 74480. What is the units digit of z?
6
Let j = 30061 + -10001. What is the thousands digit of j?
0
Let d = -1153 + 3925. Suppose d = 58*c - 49*c. What is the hundreds digit of c?
3
Suppose 2*p + z - 2493 = 29126, -4*p + 5*z = -63203. What is the units digit of p?
7
Suppose 1142 = -54*j + 2192 + 4296. Suppose -3*h + 0*h + 765 = 0. Suppose d - h = -j. What is the tens digit of d?
5
Let h = -262 - -408. Suppose 3*l = 1418 - h. What is the units digit of l?
4
Let y = -415 - -2166. Let o = y + -966. What is the hundreds digit of o?
7
Let l(w) be the first derivative of -11*w**2/2 + w - 13. Let t be l(6). Let m = t + 116. What is the units digit of m?
1
Suppose 4*v + 2*l = -3992, 0 = v - 4*l + 226 + 754. Let q = -530 - v. What is the tens digit of q?
6
Let v(o) = -o**3 + 3*o**2 - 2. Let n be v(2). Let y be -3 - -3 - (n + -234). What is the units digit of (-6)/30 + y/10?
3
Let q(m) = 1439*m**3 - 2*m**2 - 52*m + 153. What is the thousands digit of q(3)?
8
Let z(i) = 2784*i - 741. What is the thousands digit of z(7)?
8
Suppose -4*o - 54 = 26. Let a be ((-6)/(-12))/((-2)/o). What is the tens digit of 3 + (-1)/(a/(-110))?
2
Suppose 3*x + k - 43 - 56 = 0, x + 3*k = 41. Let h(l) = x*l + 6*l - 3 + 43*l - 8*l. What is the tens digit of h(1)?
7
Suppose -16260 = -88*x + 85*x. What is the units digit of x?
0
Suppose 0 = -4*j + 7*j - 2076. Suppose 6*a = 2*a + j. What is the tens digit of a?
7
Suppose 4*w + 2*r = 17718 + 13350, 3*w = -2*r + 23299. What is the tens digit of w?
6
What is the hundreds digit of -2*(-10654)/140*5?
7
What is the tens digit of ((-318)/(-8))/((-22448)/(-896) - 25)?
4
Suppose -2*r + 4*r = 0, -x + 3*r + 10942 = 0. What is the tens digit of x?
4
Let g = -66 - -73. Suppose g*z + 1085 = 2*z. Let f = -134 - z. What is the units digit of f?
3
Suppose 744 = -7*t + 772. Suppose -2846 = -t*c + 726. What is the tens digit of c?
9
Let z(s) = 202*s + 15003. What is the tens digit of z(110)?
2
Suppose -97*b + 102*b = -k + 180324, 3*k = -3*b + 108192. What is the hundreds digit of b?
0
Let t(h) = 4*h**2 + 13*h - 915. What is the hundreds digit of t(51)?
1
Let v(i) = 36*i - 11. Let l be v(2). Suppose -l = -3*g - 49. Suppose 4*p + 0 + g = 4*c, 0 = 2*c + 4*p - 32. What is the units digit of c?
6
Let p(x) = x**2 - 304*x + 27. What is the hundreds digit of p(-23)?
5
Let f(g) = -g**3 - 14*g**2 - 18*g + 7. Let q be f(-12). What is the units digit of (-510)/q - 8 - 1796/(-13)?
8
Let g(q) = 5*q**3 - 9*q**2 - 8*q + 10. Let r be (-14 + 12)/(2/(-5)). What is the hundreds digit of g(r)?
3
Let y(p) = -2*p + 10*p - 1 + 51 - 27. Let t be (20/25)/((-4)/(-50)). What is the units digit of y(t)?
3
Suppose -195*y - 1320 = -200*y. Suppose 0 = 15*j - 16*j + y. What is the hundreds digit of j?
2
Let x be (-4 - -2) + 2491 + -9. Suppose -8*r + x = -3*r. What is the tens digit of r?
9
Suppose 26*o - 45103 = 37473. What is the tens digit of o?
7
Suppose -31*j + 8138 = -24071. Suppose -2*a = x + 348 - j, -3*a - 2764 = -4*x. What is the hundreds digit of x?
6
Suppose -314947 + 158371 = -274*c + 1780878. What is the tens digit of c?
7
Suppose 4*i + 5*z - 77120 = 0, -4*i + 41*z + 77160 = 36*z. What is the ten thousands digit of i?
1
What is the tens digit of (2 - 3)/(83/(-386033))?
5
Let l be (-27 + 28)/((-2)/(-82)). Suppose h - 2*p + 11 = 0, -4*p - l = 5*h - 0*p. What is the units digit of ((-10)/(-6))/(h/(-297))?
5
Suppose 39*h - 156809 = -41*h + 1465671. What is the hundreds digit of h?
2
Suppose 2*s - 2*v = 6*s - 4, 0 = 2*s + 4*v - 8. Suppose -f - 3*y = -2*f + 1847, s = -4*y + 8. What is the thousands digit of f?
1
Let y = 10490 + -5197. What is the tens digit of y?
9
Let i = 6908 - 5911. What is the units digit of i?
7
Suppose -5*w = 5*q - 6*w - 12, -5*w - 2 = 4*q. Suppose 3*s + 5*d = 207, 0*s - 69 = -s - q*d. What is the units digit of s?
9
Suppose -s - 4*s + 3*b = -1, 0 = 5*s - 5*b + 5. Suppose 6*o - 4 = s*o, -4*o = k - 143. Let v = 264 - k. What is the tens digit of v?
2
Let s = 1537 - 779. Let l = -96 + s. What is the hundreds digit of l?
6
Let z be (-3)/((-75)/20440) + (-3)/5. Suppose 0 = k + v - z, 2*k - 1491 = -v + 138. What is the units digit of k?
2
Suppose 4*o - 3*m + 25 = 8*o, 3*m + 45 = 3*o. Suppose -30 = -h - o. Let j = h + 113. What is the units digit of j?
3
Let n(j) = j**3 + j**2 + j - 1. Let o be n(-2). What is the units digit of (9 - -76)/((-1)/o)?
5
Suppose 197403 = 5*j + 3*x - 96392, 0 = j - x - 58767. What is the hundreds digit of j?
7
Let c(q) be the third derivative of q**6/120 - 13*q**5/60 - 3*q**4/4 - 11*q**3/2 + 15*q**2. Let b be c(14). Let z = b - -154. What is the tens digit of z?
6
Let o(x) be the third derivative of 27*x**4/4 - 2*x**3/3 - 67*x**2. What is the units digit of o(3)?
2
Suppose 762*j = 2*h + 760*j - 1158, -5*j - 607 = -h. What is the tens digit of h?
7
Suppose -12*g = -15*g + 3*a + 29523, 5*g + 5*a - 49205 = 0. What is the hundreds digit of g?
8
Suppose 2982 + 60 = 9*v. Let b = -301 + v. What is the tens digit of b?
3
Suppose 577*r + 312576 = 609*r. What is the tens digit of r?
6
Suppose -11*h + 14*h = 0. Suppose h = -2*i + 228 + 300. Suppose 113 = 4*w - 2*j - 131, -4*w + i = 3*j. What is the units digit of w?
3
Suppose 0 = 18*s + 2458 - 21545 - 46451. What is the tens digit of s?
4
Let a(l) = 5*l + 1. Let f be a(2). Suppose f*p + 15 = 8*p. What is the tens digit of 2/p - 12958/(-95)?
3
Suppose -216*j + 220*j = 344. Let l(c) = c**3 - 4*c**2 - 4*c - 2. Let t be l(4). What is the tens digit of j + (2 - t/(-3))?
8
Suppose -3*m - 8 = -5*z - 3, -4*m + 2*z - 2 = 0. Suppose 5*k + l + 20 - 513 = m, -3*k - 2*l = -293. What is the units digit of k?
9
Let k(a) = 4*a + 40. Let i be k(-9). What is the hundreds digit of i - (20/(-5) + -185)?
1
What is the tens digit of -10 - 78927*13/(-195) - 12/(-10)?
5
Let v(i) = 5*i**2 + 6*i + 20. Suppose 5*q - 3*q = -x + 9, 0 = -4*q - 4*x 